 common divisor of f and 30?
15
Let s be 0 - -1 - (-7)/1. Suppose -1581 = 26*o - 21. Let f be ((-144)/15)/(-4)*o/(-9). Calculate the highest common factor of f and s.
8
Let r(l) = -10*l + 70. Let q(v) = -3*v + 1. Let t(h) = 3*q(h) + r(h). Let o be t(3). Calculate the highest common divisor of o and 20.
4
Let q be (376/10)/((-8)/(-100)). Let v = 3177 + -3167. What is the greatest common divisor of q and v?
10
Let i be (-12)/(-9) + (16/(-144))/((-1)/11337). What is the greatest common divisor of i and 91?
13
Suppose 3*c - 122 = 103. Suppose 0 = 4*b + 11*b - c. Let u be b/35 + 102/21. What is the greatest common factor of 20 and u?
5
Suppose 0 = 5*r - 6*r + 2*h + 4183, 0 = -3*r - 2*h + 12493. What is the greatest common divisor of 5685 and r?
379
Suppose 3*p - 26340 = -4*u, 3*p - 2*p - 8796 = 4*u. Calculate the greatest common factor of 288 and p.
144
Let n be (-1)/(3*(-5)/12570*-2). Let l = n + 734. Calculate the highest common factor of 126 and l.
63
Suppose -352 = -2*m - 4*b + 3*b, 336 = 2*m - 3*b. Let x = m - 153. Calculate the highest common factor of 9 and x.
3
Suppose 0 = -2*v + 5*g - 63, -5*v - 6*g + 2*g = 108. Let l be -1 - (165 + 2 + -3). Let p be l*(v/(-9) + -3). What is the greatest common divisor of p and 22?
11
Let s be ((-2)/3 + 0)*318/(-4). Suppose 4*y - s = -5*a, -y - 3*a + 14 = -a. Let i be 4/(-6)*-4*y. Calculate the highest common divisor of 192 and i.
32
Let v be ((-40)/3 + 0)*(-12)/5. Let l be (v/20)/((-1)/(-15)). Let x be ((3 - 6) + l)*1. What is the greatest common divisor of 28 and x?
7
Let a be ((942*1)/(-3))/1. Let h = -153 - a. Let v = h + -115. Calculate the greatest common factor of 115 and v.
23
Let q = -535 + 513. Let n be (-11)/q + (828/(-8))/(-9). What is the highest common factor of n and 96?
12
Suppose 0*n - 91 = -9*b + n, 0 = -5*n - 5. Calculate the highest common factor of 22720 and b.
10
Let q be ((-990)/(-4))/((-24)/(-96)). Calculate the highest common factor of 36 and q.
18
Let i = -1894 - -2062. Calculate the highest common divisor of 546 and i.
42
Let r be -177 - 2 - (-8)/2. Let j = r - -205. Calculate the greatest common divisor of j and 45.
15
Suppose 2*x + 30 = 2*w, -3*w + 5*x = 9*x - 24. Calculate the greatest common factor of w and 1956.
12
Let l be 279/(0 - -1) - 3/3. Suppose -v = v - l. Suppose 0 = -5*k + v + 181. What is the greatest common divisor of 16 and k?
16
Suppose 0 = -2*p - 3*f + 1245, -2*f + 428 + 193 = p. Let u be p/(-171)*(-1 + -26). What is the greatest common factor of 9 and u?
9
Let x = 164 + -159. Let o be (x - 1262)/(-3) + -3. What is the highest common divisor of o and 26?
26
Let n(q) = 15*q**3 + 6*q**2 + q - 61. Let p be n(7). Calculate the highest common divisor of 60 and p.
15
Suppose -1489 = 298*o - 5959. Let h = 39 - -66. Calculate the greatest common divisor of h and o.
15
Let d = 373 - 481. Let q = d + 152. What is the highest common divisor of q and 28?
4
Let q be (-4)/(-6) - (5115/9)/5. Let u = 27 - q. What is the highest common divisor of u and 56?
28
Suppose -2*o = -446 - 1058. Calculate the greatest common divisor of o and 141.
47
Let k = -21872 + 23096. What is the greatest common divisor of 5916 and k?
204
Let q be -63*86/(-129)*26/4. Let j be 6/(-9) + 238/6. Calculate the greatest common factor of j and q.
39
Let r(s) = 26*s**2 - 22*s - 39. Let w be r(6). Calculate the greatest common factor of w and 102.
51
Suppose 11*i + 12404 - 12877 = 0. What is the highest common divisor of i and 2107?
43
Let g(o) be the second derivative of -o**3/6 + 3*o**2 + 10*o - 4. Let x be g(-12). Calculate the highest common divisor of x and 81.
9
Let q = 161 - -319. Suppose -3*h - h = -q. Let u = -14339 + 14363. What is the greatest common divisor of h and u?
24
Suppose -7*h + 7 = -133. Suppose 2*k = -5*n + 107, -5*n + 295 - h = 5*k. What is the greatest common factor of k and 28?
28
Let m(q) = -2*q - 14. Let v be m(-9). Suppose -13 = -v*a + 23. Calculate the highest common factor of 36 and a.
9
Suppose -4*b + 2 = 3*j, 4*j = -3*b + 9 - 11. Suppose -425 = -4*a + w, 0 = -a + w - b*w + 100. Calculate the highest common factor of a and 30.
15
Let h(z) = 3*z - 3 + 10 + 2 + 3*z**2 - 2*z**2. Let m be h(-6). Suppose 55 = 9*j - 26. What is the greatest common factor of m and j?
9
Let g(q) = -q**3 + 17*q**2 + 62*q - 33. Let s be g(20). Suppose -551 = -s*i + 443. What is the greatest common factor of 213 and i?
71
Suppose 5*x - 257 = -h - 16, -250 = -h + 4*x. What is the highest common divisor of 410 and h?
82
Suppose 2*c - 4*z = c - 4, z + 10 = 3*c. Suppose 25*o + 600 = 30*o - 5*l, -c*o = -2*l - 480. Calculate the highest common divisor of 72 and o.
24
Let s(f) = f**3 - 7*f**2 - 9*f + 12. Let t be s(8). Let w be -114*3*t/(-36). Suppose -4*u = -402 + w. What is the greatest common divisor of u and 13?
13
Let q = 1728 - 969. Let u = q + -611. What is the greatest common factor of 4 and u?
4
Let x(d) = -d**3 - 4*d**2 - 5*d - 2. Let f be x(-3). Suppose -11 - 21 = -f*g. Suppose -g*o + 253 = -27. What is the highest common divisor of 14 and o?
7
Let p = -16427 - -16464. Let t = 3 - -34. What is the greatest common divisor of p and t?
37
Let z(f) = f**3 - 14*f**2 + 25*f - 8. Let r be z(12). Suppose b = -5*u + 3*u + 2, -b - u = -r. What is the greatest common divisor of b and 12?
6
Let x(d) = 2*d - 2. Let z be x(15). Let j be 26/(-6)*273/z*-8. Calculate the greatest common factor of 26 and j.
26
Suppose -6*x + 565 = -x. Suppose 0 = -2*h - 2*i - 46, -5*h - x = 2*i - 1. Let m = -12 - h. What is the highest common divisor of 50 and m?
10
Suppose 8*s - 1330 = 18*s. Let n = s + 233. What is the greatest common divisor of 4 and n?
4
Suppose -61*r + 55*r = -60. Let k be 294/30 - (-2)/r. Calculate the greatest common divisor of 14 and k.
2
Suppose 12*d + 11*d - 942 = 93. Calculate the greatest common divisor of d and 465.
15
Let c = 4436 + -4400. Calculate the greatest common divisor of 66 and c.
6
Suppose 0 = -5*n + 2*h + 373, -78*n - 4*h = -79*n + 71. Calculate the greatest common divisor of 4260 and n.
15
Suppose 29*i - 10395 = -58*i + 10*i. What is the greatest common factor of i and 9531?
27
Let l(r) = -r**2 + 18. Let q be l(-8). Let z = q - -11. Let x = z - -39. What is the greatest common divisor of x and 16?
4
Let x(d) = -2 - 48 - 13 - 15 - 20*d. Let n be x(-4). Calculate the greatest common divisor of n and 13.
1
Let c be 2951/908 - (-9 + -1)/(5 - 13). Let j = 1 - -21. What is the greatest common factor of c and j?
2
Let h(f) = -64*f - 6688. Let t be h(-125). Let c = 166 + -84. Calculate the greatest common divisor of c and t.
82
Let j be 3/2*(-23)/((-46)/(-24)). Let q = j - -44. Let y be -2*26/(-4)*1. Calculate the greatest common factor of y and q.
13
Let i = 10841 - 7705. Calculate the highest common factor of 128 and i.
64
Let n(g) = g**2 - g + 1. Suppose 0*p + 5*p - 15 = 0. Let j be n(p). Let q be 104/286 + 1143/33. What is the greatest common divisor of q and j?
7
Suppose 49*n - 53*n + 616 = 0. Let z = -42 - -86. Calculate the greatest common factor of z and n.
22
Let j be (33/55)/(18/200)*3. Let d(l) = l**3 - 11*l**2 + 8. Let i = 25 + -14. Let r be d(i). What is the highest common factor of r and j?
4
Suppose -2478 = -37*o + 30*o. Let a = -330 + o. Calculate the greatest common factor of a and 168.
24
Let q(z) = -3*z + 33. Let j(n) = -n**3 + 8*n**2 - 8*n + 17. Let x be j(7). Let c be q(x). Let r be 20/c + 3/9. What is the highest common factor of r and 63?
7
Suppose 1308*f + 20600 = 1318*f. What is the greatest common divisor of f and 20?
20
Suppose -q - q + 3 = -c, -10 = 5*c - 5*q. Let u be 10388/21 + c/(-3). Suppose -u = -8*d + 3*d. What is the greatest common divisor of d and 11?
11
Let w(a) = -8*a**2 + 15*a + 12. Let n be w(-1). Let g be (-7 + -1 + 5)*(n - -10). Calculate the greatest common factor of g and 1.
1
Let d(o) = -379*o**2 + o. Let z be d(-1). Let q = z - -635. Let x = 425 - q. Calculate the greatest common factor of x and 68.
34
Suppose -15*n + 204 = -14*n. Suppose -5*s = -n + 129. Calculate the highest common divisor of 1245 and s.
15
Suppose 4*b - 3*w - 562 = 0, 162 + 538 = 5*b - 5*w. What is the highest common factor of 2 and b?
2
Suppose 1164 = -14*f + 20*f. Let a = 414 - f. What is the highest common factor of 44 and a?
44
Let a = -47839 + 77999. What is the greatest com